{"id":2066,"date":"2018-05-26T19:04:49","date_gmt":"2018-05-26T17:04:49","guid":{"rendered":"http:\/\/liqua.net\/liq\/?page_id=2066"},"modified":"2025-09-17T16:11:56","modified_gmt":"2025-09-17T14:11:56","slug":"datenschutz","status":"publish","type":"page","link":"https:\/\/liqua.net\/liq\/institut\/datenschutz\/","title":{"rendered":"Datenschutz"},"content":{"rendered":"<p>Der Schutz von pers\u00f6nlichen Daten ist uns ein wichtiges Anliegen. Wir verarbeiten Daten daher ausschlie\u00dflich auf Grundlage der gesetzlichen Bestimmungen (DSGVO 2016\/679, DSG 1999, TKG 2003). Mit den folgenden Datenschutzinformationen informieren wir \u00fcber die wichtigsten Aspekte der Datenverarbeitung im Rahmen unserer Website.<\/p>\n<p>Falls auf unserer Website die M\u00f6glichkeit zur Verwendung personenbezogener Daten besteht, so erfolgt die Preisgabe dieser Daten durch die NutzerInnen auf ausdr\u00fccklich freiwilliger Basis. Die Inanspruchnahme aller angebotenen Dienste ist auch ohne Angabe solcher Daten bzw. unter Angabe anonymisierter Daten oder eines Pseudonyms gestattet. Die Nutzung von ver\u00f6ffentlichten Kontaktdaten auf dieser Website durch Dritte zur \u00dcbersendung von nicht ausdr\u00fccklich angeforderten Informationen ist nicht gestattet.<\/p>\n<p>Die Mitarbeiter:innen von LIquA werden zur Einhaltung von Datenschutz und Datensicherheit belehrt und verpflichtet. So halten sie im Umgang mit selbst erhobenen und von Dritten stammenden Daten im Rahmen von Forschungsarbeiten (z. B. Interviews, Befragungen, &#8230;) sowohl das geltende Datenschutzrecht (DSVGO und DSG) als auch die Regeln einer ethisch verantwortungsvollen Wissenschaft ein.<\/p>\n<p>Personenbezogene Daten von Dritten werden zu folgenden Zwecken verarbeitet: Abwicklung von Projekten, Einladung zu Veranstaltungen, Abwicklung von Vertr\u00e4gen. Alle Verarbeitungst\u00e4tigkeiten sind in einem Verzeichnis nach Art 30 DSGVO dokumentiert. LIquA stellt dar\u00fcber hinaus durch technische und organisatorische Ma\u00dfnahmen sicher, dass solche Daten und T\u00e4tigkeiten unberechtigten Personen weder zur Kenntnis gelangen, noch von diesen eingesehen werden k\u00f6nnen.<\/p>\n<p>Betroffenen stehen grunds\u00e4tzlich die Rechte auf Auskunft, Berichtigung, L\u00f6schung, Einschr\u00e4nkung, Daten\u00fcbertragbarkeit, Widerruf und Widerspruch zu. Wenn Sie glauben, dass die Verarbeitung Ihrer Daten gegen das Datenschutzrecht verst\u00f6\u00dft oder Ihre datenschutzrechtlichen Anspr\u00fcche sonst in einer Weise verletzt worden sind, k\u00f6nnen Sie sich bei der Aufsichtsbeh\u00f6rde beschweren:<\/p>\n<p>\u00d6sterreichische Datenschutzbeh\u00f6rde<br \/>\nHohenstaufengasse 3<br \/>\n1010 Wien<br \/>\nTelefon: +43 1 53 115 &#8211; 202525<br \/>\n<a href=\"mailto:dsb@dsb.gv.at\" target=\"_blank\" rel=\"noopener\">dsb@dsb.gv.at<\/a><br \/>\n<a href=\"http:\/\/www.dsb.gv.at\" target=\"_blank\" rel=\"noopener\">dsb.gv.at<\/a><\/p>\n<p>F\u00fcr den Datenschutz bei LIquA verantwortlich ist die Gesch\u00e4ftsf\u00fchrung.<\/p>\n","protected":false},"excerpt":{"rendered":"<p>Der Schutz von pers\u00f6nlichen Daten ist uns ein wichtiges Anliegen. Wir verarbeiten Daten daher ausschlie\u00dflich auf Grundlage der gesetzlichen Bestimmungen (DSGVO 2016\/679, DSG 1999, TKG 2003). Mit den folgenden Datenschutzinformationen &#8230;<\/p>\n","protected":false},"author":3,"featured_media":0,"parent":229,"menu_order":5,"comment_status":"closed","ping_status":"closed","template":"","meta":{"footnotes":""},"_links":{"self":[{"href":"https:\/\/liqua.net\/liq\/wp-json\/wp\/v2\/pages\/2066"}],"collection":[{"href":"https:\/\/liqua.net\/liq\/wp-json\/wp\/v2\/pages"}],"about":[{"href":"https:\/\/liqua.net\/liq\/wp-json\/wp\/v2\/types\/page"}],"author":[{"embeddable":true,"href":"https:\/\/liqua.net\/liq\/wp-json\/wp\/v2\/users\/3"}],"replies":[{"embeddable":true,"href":"https:\/\/liqua.net\/liq\/wp-json\/wp\/v2\/comments?post=2066"}],"version-history":[{"count":3,"href":"https:\/\/liqua.net\/liq\/wp-json\/wp\/v2\/pages\/2066\/revisions"}],"predecessor-version":[{"id":2535,"href":"https:\/\/liqua.net\/liq\/wp-json\/wp\/v2\/pages\/2066\/revisions\/2535"}],"up":[{"embeddable":true,"href":"https:\/\/liqua.net\/liq\/wp-json\/wp\/v2\/pages\/229"}],"wp:attachment":[{"href":"https:\/\/liqua.net\/liq\/wp-json\/wp\/v2\/media?parent=2066"}],"curies":[{"name":"wp","href":"https:\/\/api.w.org\/{rel}","templated":true}]}}